{"id":5,"date":"2013-12-12T10:21:57","date_gmt":"2013-12-12T10:21:57","guid":{"rendered":"http:\/\/wpress.edelweiss-publish.de\/?page_id=5"},"modified":"2018-05-29T10:15:44","modified_gmt":"2018-05-29T10:15:44","slug":"edelweiss-publish","status":"publish","type":"page","link":"http:\/\/wpress.edelweiss-publish.de\/","title":{"rendered":"Edelweiss Publish"},"content":{"rendered":"<p style=\"text-align: left;\"><span style=\"color: #999999;\">Edelweiss Publish arbeitet als Druckvorstufenfirma f\u00fcr Agenturen und Verlage aus ganz Deutschland. Wir arbeiten mit dem Schwerpunkt Bild. Wir visualisieren Ihre Bildidee und bringen uns aktiv in den Gestaltungsprozess ein. Das k\u00f6nnen Motive f\u00fcr werbliche Zwecke sein, oder die visuelle Ausstattung von B\u00fcchern und Magazinen. Bilder k\u00f6nnen Geschichten erz\u00e4hlen, einzeln, in Serien oder in Verbindung mit Texten. Wir sorgen au\u00dferdem f\u00fcr den perfekten Transport in das jeweilige Medium. Digital, gedruckt oder als Fine Art Print. Wir sorgen daf\u00fcr das Bilder in ihrer besten Form pr\u00e4sentiert werden. Gern auch auf ungew\u00f6hnlichen Materialien, zum Beispiel auf Naturpapier unterschiedlichster Art. Durch pr\u00e4zises Colormanagement erreichen wir perfekte Druckergebnisse. Auf Wunsch sind wir vor Ort, auch an der Druckmaschine. Wir freuen uns auf Ihren Anruf!<\/span><\/p>\n<h1 style=\"text-align: center;\"><span style=\"color: #999999;\"><span style=\"color: #bf3232;\">040\/39106103<\/span><br \/>\n<\/span><\/h1>\n<p><a href=\"http:\/\/wpress.edelweiss-publish.de\/?page_id=12\"><span style=\"color: #999999;\">Unsere Datenschutzerkl\u00e4rung gem\u00e4\u00df DSGVO finden Sie hier:<\/span><\/a><\/p>\n<p>&nbsp;<\/p>\n","protected":false},"excerpt":{"rendered":"<p>Edelweiss Publish arbeitet als Druckvorstufenfirma f\u00fcr Agenturen und Verlage aus ganz Deutschland. Wir arbeiten mit dem Schwerpunkt Bild. Wir visualisieren Ihre Bildidee und bringen uns aktiv in den Gestaltungsprozess ein. Das k\u00f6nnen Motive f\u00fcr werbliche Zwecke sein, oder die visuelle Ausstattung von B\u00fcchern und Magazinen. Bilder k\u00f6nnen Geschichten erz\u00e4hlen, einzeln, in Serien oder in Verbindung <a class=\"read-more\" href=\"http:\/\/wpress.edelweiss-publish.de\/\">... weiterlesen <span class=\"meta-nav\">&rarr;<\/span><\/a><\/p>\n","protected":false},"author":1,"featured_media":0,"parent":0,"menu_order":10,"comment_status":"closed","ping_status":"closed","template":"page-templates\/full-width.php","meta":{"jetpack_post_was_ever_published":false,"footnotes":""},"class_list":["post-5","page","type-page","status-publish","hentry"],"aioseo_notices":[],"jetpack_sharing_enabled":true,"jetpack_shortlink":"https:\/\/wp.me\/P5rJWe-5","_links":{"self":[{"href":"http:\/\/wpress.edelweiss-publish.de\/index.php?rest_route=\/wp\/v2\/pages\/5","targetHints":{"allow":["GET"]}}],"collection":[{"href":"http:\/\/wpress.edelweiss-publish.de\/index.php?rest_route=\/wp\/v2\/pages"}],"about":[{"href":"http:\/\/wpress.edelweiss-publish.de\/index.php?rest_route=\/wp\/v2\/types\/page"}],"author":[{"embeddable":true,"href":"http:\/\/wpress.edelweiss-publish.de\/index.php?rest_route=\/wp\/v2\/users\/1"}],"replies":[{"embeddable":true,"href":"http:\/\/wpress.edelweiss-publish.de\/index.php?rest_route=%2Fwp%2Fv2%2Fcomments&post=5"}],"version-history":[{"count":35,"href":"http:\/\/wpress.edelweiss-publish.de\/index.php?rest_route=\/wp\/v2\/pages\/5\/revisions"}],"predecessor-version":[{"id":619,"href":"http:\/\/wpress.edelweiss-publish.de\/index.php?rest_route=\/wp\/v2\/pages\/5\/revisions\/619"}],"wp:attachment":[{"href":"http:\/\/wpress.edelweiss-publish.de\/index.php?rest_route=%2Fwp%2Fv2%2Fmedia&parent=5"}],"curies":[{"name":"wp","href":"https:\/\/api.w.org\/{rel}","templated":true}]}}

<p style="text-align: left;"><span style="color: #999999;">Edelweiss Publish arbeitet als Druckvorstufenfirma für Agenturen und Verlage aus ganz Deutschland. Wir arbeiten mit dem Schwerpunkt Bild. Wir visualisieren Ihre Bildidee und bringen uns aktiv in den Gestaltungsprozess ein. Das können Motive für werbliche Zwecke sein, oder die visuelle Ausstattung von Büchern und Magazinen. Bilder können Geschichten erzählen, einzeln, in Serien oder in Verbindung mit Texten. Wir sorgen außerdem für den perfekten Transport in das jeweilige Medium. Digital, gedruckt oder als Fine Art Print. Wir sorgen dafür das Bilder in ihrer besten Form präsentiert werden. Gern auch auf ungewöhnlichen Materialien, zum Beispiel auf Naturpapier unterschiedlichster Art. Durch präzises Colormanagement erreichen wir perfekte Druckergebnisse. Auf Wunsch sind wir vor Ort, auch an der Druckmaschine. Wir freuen uns auf Ihren Anruf!</span></p>
<h1 style="text-align: center;"><span style="color: #999999;"><span style="color: #bf3232;">040/39106103</span><br />
</span></h1>
<p><a href="http://wpress.edelweiss-publish.de/?page_id=12"><span style="color: #999999;">Unsere Datenschutzerklärung gemäß DSGVO finden Sie hier:</span></a></p>
<p>&nbsp;</p>

<p>Edelweiss Publish arbeitet als Druckvorstufenfirma für Agenturen und Verlage aus ganz Deutschland. Wir arbeiten mit dem Schwerpunkt Bild. Wir visualisieren Ihre Bildidee und bringen uns aktiv in den Gestaltungsprozess ein. Das können Motive für werbliche Zwecke sein, oder die visuelle Ausstattung von Büchern und Magazinen. Bilder können Geschichten erzählen, einzeln, in Serien oder in Verbindung <a class="read-more" href="http://wpress.edelweiss-publish.de/">... weiterlesen <span class="meta-nav">&rarr;</span></a></p>
